r of 2494 and 13584644.
58
What is the highest common factor of 1136 and 113978288?
1136
Calculate the greatest common factor of 6502109 and 447121.
5387
What is the highest common divisor of 964551 and 345?
69
Calculate the highest common factor of 8270 and 87484195.
4135
What is the highest common factor of 14940511 and 118?
59
What is the greatest common divisor of 7062 and 496013694?
7062
Calculate the highest common factor of 752 and 26429604.
188
What is the greatest common divisor of 3948 and 12703908?
84
Calculate the greatest common divisor of 1511236850 and 9913.
9913
What is the greatest common factor of 313415043 and 51?
51
Calculate the highest common divisor of 99610 and 4410.
70
What is the greatest common factor of 39 and 533251693?
13
What is the highest common factor of 302728 and 2680?
8
What is the highest common divisor of 5130 and 8328270?
570
What is the highest common divisor of 282281269 and 123?
41
Calculate the highest common divisor of 10642 and 130016.
34
Calculate the highest common factor of 61072 and 92488.
88
Calculate the greatest common factor of 3075282 and 36.
18
Calculate the greatest common factor of 1058 and 182300806.
1058
What is the highest common divisor of 745367700 and 11805?
11805
Calculate the highest common divisor of 11496332 and 1460.
292
What is the greatest common divisor of 79980 and 36580?
620
What is the highest common divisor of 3892987 and 81902?
1321
Calculate the greatest common divisor of 8906081 and 2.
1
Calculate the greatest common factor of 3038 and 176690080.
3038
Calculate the highest common factor of 17424 and 20531808.
1584
Calculate the highest common divisor of 19776 and 81757692.
1236
What is the highest common factor of 118 and 10312079?
59
Calculate the highest common divisor of 3160792 and 45560.
536
Calculate the greatest common factor of 460270495 and 645.
215
What is the greatest common divisor of 10206 and 358344?
1134
Calculate the greatest common factor of 246 and 50115981.
123
Calculate the greatest common divisor of 906774 and 1824789.
3747
Calculate the greatest common divisor of 9613280 and 11120.
80
What is the greatest common factor of 3309 and 949251727?
1103
What is the highest common divisor of 106399000 and 46485?
5165
Calculate the greatest common divisor of 88 and 20044508.
44
Calculate the greatest common factor of 17100 and 1162116.
684
What is the greatest common factor of 4306588 and 1287?
143
Calculate the greatest common divisor of 484919 and 111758.
173
What is the greatest common factor of 95034 and 276?
6
Calculate the highest common factor of 28 and 5438112.
4
Calculate the greatest common divisor of 248983493 and 44.
11
Calculate the highest common factor of 34368 and 9443145.
537
Calculate the greatest common divisor of 67089961 and 3679.
283
Calculate the highest common divisor of 351 and 8576217.
117
What is the greatest common factor of 11691 and 4614914?
433
Calculate the greatest common divisor of 30248316 and 36.
36
Calculate the greatest common factor of 32394325 and 236720.
1345
What is the greatest common factor of 200 and 7527680?
40
Calculate the greatest common factor of 1771 and 2734809.
77
Calculate the highest common divisor of 37 and 3122541.
37
What is the highest common factor of 730131 and 1445586?
3669
Calculate the highest common divisor of 11867394 and 15351.
357
Calculate the greatest common divisor of 3906 and 1714158.
18
What is the highest common factor of 3393 and 59397?
39
What is the highest common factor of 234 and 43824366?
18
Calculate the greatest common divisor of 3432132 and 234972.
3852
Calculate the greatest common divisor of 180366 and 3588.
138
Calculate the highest common factor of 160875 and 12598625.
1625
Calculate the greatest common divisor of 11151 and 8642379.
177
Calculate the greatest common divisor of 23270552 and 6896.
3448
Calculate the highest common factor of 161 and 2987782.
7
Calculate the greatest common factor of 894862884 and 2460.
492
Calculate the greatest common factor of 39701 and 2071297.
1369
Calculate the highest common factor of 317078907 and 402.
201
What is the greatest common factor of 200630075 and 1175?
1175
Calculate the greatest common factor of 172431 and 1341.
9
Calculate the highest common factor of 84082315 and 259.
37
What is the highest common factor of 24313918 and 3438?
382
What is the greatest common factor of 5403602 and 26602?
566
What is the greatest common divisor of 250226808 and 19?
19
Calculate the greatest common factor of 5800337 and 83812.
911
What is the greatest common factor of 40822340 and 19700?
3940
What is the greatest common factor of 14466382 and 966?
14
Calculate the greatest common factor of 1970048 and 512.
128
Calculate the greatest common divisor of 16 and 1468333272.
8
What is the highest common divisor of 13736180 and 160?
20
What is the greatest common factor of 11305239 and 14184?
591
What is the greatest common divisor of 540 and 14417946?
54
Calculate the greatest common divisor of 16989 and 1336503.
21
What is the greatest common divisor of 165 and 7756185?
15
What is the highest common factor of 4104 and 1477044648?
1368
Calculate the greatest common divisor of 80428 and 612.
4
What is the greatest common divisor of 2120 and 69755?
5
What is the highest common factor of 952984 and 42850?
1714
What is the greatest common factor of 405 and 5394717?
9
Calculate the greatest common divisor of 8635 and 108185.
55
What is the highest common factor of 425952 and 24327?
459
What is the highest common divisor of 355324 and 178506?
422
Calculate the highest common divisor of 14099350 and 450.
50
What is the highest common divisor of 188548380 and 9?
9
What is the greatest common divisor of 109513964 and 23016?
3836
What is the greatest common factor of 149247 and 1676010?
483
What is the highest common factor of 11 and 74945585?
11
What is the highest common factor of 1106 and 11092706?
158
Calculate the highest common divisor of 12 and 4271324.
4
What is the highest common factor of 461760 and 304980?
780
Calculate the highest common divisor of 105 and 53123.
7
What is the greatest common factor of 33942565 and 1515?
505
Calculate the highest common divisor of 48014505 and 1490.
745
What is the greatest common divisor of 7095807 and 3393?
261
Calculate the highest common divisor of 92152758 and 2.
2
What is the greatest common divisor of 21356131 and 17?
17
What is the highest common factor of 115 and 3511980?
5
Calculate the highest common factor of 368487692 and 92.
92
Calculate the highest common divisor of 279 and 66212652.
93
What is the greatest common factor of 16613964 and 2312?
68
What is the greatest common divisor of 3312 and 20118192?
1104
Calculate the greatest common factor of 36928 and 1245743.
577
Calculate the greatest common factor of 25205750 and 20.
10
Calculate the highest common divisor of 1052 and 510924.
4
What is the greatest common divisor of 921600 and 3150?
450
Calculate the greatest common factor of 135308 and 128.
4
What is the highest common divisor of 620368 and 1373904?
3248
What is the greatest common factor of 910058646 and 1743?
1743
What is the highest common divisor of 7372 and 5415832428?
7372
What is the highest common factor of 20837 and 3591428?
311
What is the highest common divisor of 221 and 496427438?
221
What is the highest common factor of 130045 and 130355?
155
What is the greatest common divisor of 1725618 and 2850?
114
Calculate the greatest common divisor of 13871 and 259552891.
1261
Calculate the greatest common factor of 54 and 12856266.
54
Calculate the highest common factor of 10627048 and 3658.
62
Calculate the greatest common factor of 848830 and 7424.
58
Calculate the greatest common divisor of 28 and 97533604.
28
What is the highest common factor of 15018 and 35822?
2
What is the highest common factor of 2166772 and 8?
4
What is the highest common factor of 11614886 and 32828?
566
What is the highest common factor of 2856 and 99139852?
476
What is the greatest common divisor of 261936822 and 3612?
1806
What is the highest common divisor of 749328 and 603?
201
What is the greatest common factor of 566909 and 57225?
763
Calculate the highest common factor of 33016 and 74776.
